{"id":107461,"date":"2023-09-29T12:57:12","date_gmt":"2023-09-29T10:57:12","guid":{"rendered":"https:\/\/dev.gobidgroup.com\/informacion-de-privacidad-candidatos\/"},"modified":"2025-01-28T12:26:41","modified_gmt":"2025-01-28T10:26:41","slug":"informacion-de-privacidad-candidatos","status":"publish","type":"page","link":"https:\/\/dev.gobidgroup.com\/es\/informacion-de-privacidad-candidatos\/","title":{"rendered":"Informaci\u00f3n de privacidad &#8211; candidatos"},"content":{"rendered":"\t\t<div data-elementor-type=\"wp-page\" data-elementor-id=\"107461\" class=\"elementor elementor-107461 elementor-100898\">\n\t\t\t\t\t\t\t<div class=\"elementor-element elementor-element-b3958d4 e-con-boxed e-flex e-con\" data-id=\"b3958d4\" data-element_type=\"container\" data-settings=\"{&quot;background_background&quot;:&quot;classic&quot;,&quot;content_width&quot;:&quot;boxed&quot;}\">\n\t\t\t\t\t<div class=\"e-con-inner\">\n\t\t<div class=\"elementor-element elementor-element-04cce4b e-con-boxed e-flex e-con\" data-id=\"04cce4b\" data-element_type=\"container\" data-settings=\"{&quot;background_background&quot;:&quot;classic&quot;,&quot;content_width&quot;:&quot;boxed&quot;}\">\n\t\t\t\t\t<div class=\"e-con-inner\">\n\t\t<div class=\"elementor-element elementor-element-1bc41f5 e-con-full e-flex e-con\" data-id=\"1bc41f5\" data-element_type=\"container\" data-settings=\"{&quot;content_width&quot;:&quot;full&quot;}\">\n\t\t<div class=\"elementor-element elementor-element-46c580b e-con-full e-flex elementor-invisible e-con\" data-id=\"46c580b\" data-element_type=\"container\" data-settings=\"{&quot;content_width&quot;:&quot;full&quot;,&quot;animation&quot;:&quot;fadeInUp&quot;}\">\n\t\t\t\t<div class=\"elementor-element elementor-element-7fb9c64 elementor-widget elementor-widget-heading\" data-id=\"7fb9c64\" data-element_type=\"widget\" data-widget_type=\"heading.default\">\n\t\t\t\t<div class=\"elementor-widget-container\">\n\t\t\t<h2 class=\"elementor-heading-title elementor-size-default\">Informaci\u00f3n de privacidad<br>de conformidad y para los efectos del art. 13-14, Reg UE 2016\/679<\/h2>\t\t<\/div>\n\t\t\t\t<\/div>\n\t\t\t\t<div class=\"elementor-element elementor-element-558b2fe elementor-widget elementor-widget-text-editor\" data-id=\"558b2fe\" data-element_type=\"widget\" data-widget_type=\"text-editor.default\">\n\t\t\t\t<div class=\"elementor-widget-container\">\n\t\t\t\t\t\t\t<div title=\"Page 1\">\n<p class=\"p1\" style=\"text-align: right;\">\u00faltima actualizaci\u00f3n: 2 de octubre de 2023<\/p>\n<\/div>\n<div title=\"Page 1\">\n<div class=\"page\" title=\"Page 1\">\n<div class=\"layoutArea\">\n<div class=\"column\">\n<p>De conformidad y para los efectos del art. 13 del Reglamento europeo 2016\/679 &#8220;Reglamento general de protecci\u00f3n de datos&#8221; (en adelante GDPR &#8211; Reglamento general de protecci\u00f3n de datos) que contiene disposiciones sobre la protecci\u00f3n de datos personales, la empresa abajo firmante GOBID INTERNATIONAL AUCTION GROUP SRL srl con domicilio social en Mil\u00e1n (MI) VIA Onorato Vigliani n. 19 y sede operativa en Matelica (MC) v\u00eda A. Merloni n. 17\/U, como Responsable del tratamiento, le informa que los datos que le conciernen, facilitados por usted o adquiridos de otro modo, ser\u00e1n tratados de conformidad con la legislaci\u00f3n antes mencionada. El tratamiento de los datos ser\u00e1 realizado por el Responsable del tratamiento de forma l\u00edcita, correcta y transparente, garantizando la protecci\u00f3n de sus derechos.<\/p>\n<p>Por lo tanto, de conformidad con los art\u00edculos 13 y 14, le proporcionamos la siguiente informaci\u00f3n:<\/p>\n<div class=\"page\" title=\"Page 1\">\n<div class=\"layoutArea\">\n<div class=\"column\">\n<p><strong>1. Finalidad, base jur\u00eddica del tratamiento al que est\u00e1n destinados los datos<\/strong><\/p>\n<p>Datos personales, tales como informaci\u00f3n de car\u00e1cter personal, as\u00ed como los relativos a la experiencia profesional, cualificaciones y\/o condiciones personales y familiares, en forma de curr\u00edculum vitae (CV), incluida la imagen contenida en el mismo, como datos particulares, remitidos al titular. en formato digital (por correo electr\u00f3nico, formulario de contacto desde la web o redes sociales) o en formato papel (entrega en mano) se procesan con el fin de realizar todos los tr\u00e1mites \u00fatiles y necesarios para la selecci\u00f3n de personal que se concretan por ejemplo en: actividades relacionadas o instrumentales con los procesos de selecci\u00f3n dentro de la empresa, con el fin de evaluar los perfiles de los candidatos en relaci\u00f3n con empleados, pasantes o colaboradores que reciben asignaciones de trabajo profesional espec\u00edficas; verificaci\u00f3n de las condiciones necesarias para contratar o iniciar una colaboraci\u00f3n; Utilizo los datos de contacto del candidato para comunicar el resultado de la selecci\u00f3n, evaluaci\u00f3n y conservaci\u00f3n del curr\u00edculum vitae.<\/p>\n<p><strong>2. Base jur\u00eddica del tratamiento:<\/strong> el tratamiento de datos es necesario para la ejecuci\u00f3n de medidas precontractuales (art. 6 letra b del RGPD) vinculadas a los procesos de selecci\u00f3n de personal que tuvieron origen a partir de la recepci\u00f3n de su curr\u00edculum vitae.<\/p>\n<p><strong>3. M\u00e9todos de tratamiento<\/strong><\/p>\n<p>El tratamiento de los datos se realizar\u00e1 tanto de forma manual como mediante medios inform\u00e1ticos o telem\u00e1ticos por personas espec\u00edficamente designadas a tal efecto. En relaci\u00f3n con las finalidades indicadas, los datos podr\u00e1n almacenarse tanto en archivos impresos como electr\u00f3nicos, incluso de forma automatizada, con el fin de permitir la identificaci\u00f3n de datos agregados o espec\u00edficos. En todo caso, el tratamiento de los datos se realizar\u00e1 con l\u00f3gica estrictamente relacionada con las finalidades indicadas, con m\u00e9todos que garanticen la seguridad y confidencialidad de los propios datos, mediante la adopci\u00f3n de medidas adecuadas para evitar su alteraci\u00f3n, cancelaci\u00f3n, destrucci\u00f3n, acceso no autorizado o tratamientos que no est\u00e9n permitidos o no se ajusten a los fines de la recogida. La empresa no procesa Datos Particulares, ya que la finalidad del procesamiento en s\u00ed no prev\u00e9 su utilidad.<\/p>\n<p><strong>4. Naturaleza de los datos personales<\/strong><\/p>\n<p>El tratamiento incluye datos personales, sensibles y judiciales relacionados con la realizaci\u00f3n del servicio solicitado. Durante la prestaci\u00f3n del servicio puede ser necesario adquirir y realizar operaciones de procesamiento sobre sus datos personales sensibles y judiciales. La transmisi\u00f3n del CV a trav\u00e9s de canales espec\u00edficos autoriza al Responsable del tratamiento a tratar los datos contenidos en el mismo en la forma estrictamente necesaria para perseguir los fines indicados. La empresa invita a los interesados a incluir en su C.V. o en la correspondiente carta adjunta el siguiente texto: &#8220;De conformidad con la legislaci\u00f3n vigente, habiendo visto la informaci\u00f3n en el sitio web de la empresa, acepto que la Empresa trate mis datos personales, autorizando su archivo electr\u00f3nico\/papel, \u00fanicamente con fines de investigaci\u00f3n y personal&#8221;. Trozos escogidos&#8221;.<\/p>\n<p>En cualquier caso, se requerir\u00e1 el consentimiento espec\u00edfico en el env\u00edo del CV a trav\u00e9s de los canales espec\u00edficos.<\/p>\n<\/div>\n<\/div>\n<\/div>\n<div class=\"page\" title=\"Page 2\">\n<div class=\"layoutArea\">\n<div class=\"column\">\n<p><strong>5. Destinatarios de los datos:<\/strong> los datos recabados en relaci\u00f3n con la finalidad indicada podr\u00e1n ser comunicados: como responsables, a miembros de los \u00f3rganos sociales y al personal administrativo del titular y empleados designados; a los responsables del tratamiento cuya lista est\u00e9 disponible en el responsable del tratamiento; a despachos profesionales de abogados, contables o asesores laborales. No existe ninguna disposici\u00f3n para la difusi\u00f3n de los datos a terceros.<\/p>\n<p><strong>6. Duraci\u00f3n del tratamiento:<\/strong> los datos recabados en relaci\u00f3n con la finalidad antes mencionada se conservar\u00e1n durante el tiempo necesario para las finalidades indicadas y en cualquier caso se conservar\u00e1n por un per\u00edodo no superior a 5 a\u00f1os.<\/p>\n<p><strong>7. Falta de comunicaci\u00f3n de datos:<\/strong> el suministro de datos es necesario para la consecuci\u00f3n de las finalidades anteriormente indicadas que el interesado est\u00e1 obligado a cumplir. La falta de comunicaci\u00f3n por parte del interesado imposibilitar\u00e1 la continuaci\u00f3n del proceso de selecci\u00f3n.<\/p>\n<p><strong>8. Transferencia de datos al extranjero:<\/strong> los datos recabados en relaci\u00f3n con la finalidad antes mencionada no se transfieren a pa\u00edses fuera de la UE.<\/p>\n<p><strong>9.Procesos automatizados de toma de decisiones:<\/strong> los datos recabados en relaci\u00f3n con la finalidad antes mencionada no est\u00e1n sujetos a procesos automatizados de toma de decisiones (incluida la elaboraci\u00f3n de perfiles).<\/p>\n<p><strong>10.Derechos del interesado:<\/strong> de conformidad con el Reg. UE 2016\/679, el interesado tiene derecho frente al titular a: acceder a sus datos personales (art.15), obtener la rectificaci\u00f3n en caso de inexactitud (art. 16), solicitar la limitaci\u00f3n del tratamiento (art. 18), portabilidad , es decir, el derecho a recibir los datos personales proporcionados por usted en un formato estructurado, de uso com\u00fan y legible por m\u00e1quina (art. 20), a no ser sometidos a una toma de decisiones automatizada, incluida la elaboraci\u00f3n de perfiles. (art. 22) y presentar una reclamaci\u00f3n ante la Autoridad Garante de conformidad con el art. 13 parag. 2 let. d) del citado reglamento.<\/p>\n<p><strong>11. C\u00f3mo ejercer los derechos:<\/strong> el interesado podr\u00e1 en cualquier momento ejercitar sus derechos de conformidad con lo dispuesto en el art. 12 del Reglamento UE 2016\/679, mediante el env\u00edo de una solicitud que ser\u00e1 enviada al Responsable del tratamiento mediante: &#8211; carta certificada con acuse de recibo: GOBID INTERNATIONAL AUCTION GROUP SRL srl con sede operativa en Matelica (MC) v\u00eda A. Merloni n. 17\/U &#8211; correo electr\u00f3nico a la direcci\u00f3n: legale@gobidgroup.com &#8211; pec: gobidinternational@pec.it.<\/p>\n<\/div>\n<\/div>\n<\/div>\n<\/div>\n<\/div>\n<\/div>\n<\/div>\n\t\t\t\t\t\t<\/div>\n\t\t\t\t<\/div>\n\t\t\t\t<\/div>\n\t\t\t\t<\/div>\n\t\t\t\t\t<\/div>\n\t\t\t\t<\/div>\n\t\t\t\t\t<\/div>\n\t\t\t\t<\/div>\n\t\t\t\t\t\t\t<\/div>\n\t\t","protected":false},"excerpt":{"rendered":"<p>Informaci\u00f3n de privacidadde conformidad y para los efectos del art. 13-14, Reg UE 2016\/679 \u00faltima actualizaci\u00f3n: 2 de octubre de 2023 De conformidad y para los efectos del art. 13 del Reglamento europeo 2016\/679 &#8220;Reglamento general de protecci\u00f3n de datos&#8221; (en adelante GDPR &#8211; Reglamento general de protecci\u00f3n de datos) que contiene disposiciones sobre la&hellip;<\/p>\n","protected":false},"author":4,"featured_media":0,"parent":0,"menu_order":121,"comment_status":"closed","ping_status":"closed","template":"elementor_header_footer","meta":{"_seopress_robots_primary_cat":"","om_disable_all_campaigns":false,"_monsterinsights_skip_tracking":false,"_monsterinsights_sitenote_active":false,"_monsterinsights_sitenote_note":"","_monsterinsights_sitenote_category":0,"_uf_show_specific_survey":0,"_uf_disable_surveys":false,"footnotes":""},"aioseo_notices":[],"_links":{"self":[{"href":"https:\/\/dev.gobidgroup.com\/es\/wp-json\/wp\/v2\/pages\/107461"}],"collection":[{"href":"https:\/\/dev.gobidgroup.com\/es\/wp-json\/wp\/v2\/pages"}],"about":[{"href":"https:\/\/dev.gobidgroup.com\/es\/wp-json\/wp\/v2\/types\/page"}],"author":[{"embeddable":true,"href":"https:\/\/dev.gobidgroup.com\/es\/wp-json\/wp\/v2\/users\/4"}],"replies":[{"embeddable":true,"href":"https:\/\/dev.gobidgroup.com\/es\/wp-json\/wp\/v2\/comments?post=107461"}],"version-history":[{"count":3,"href":"https:\/\/dev.gobidgroup.com\/es\/wp-json\/wp\/v2\/pages\/107461\/revisions"}],"predecessor-version":[{"id":107480,"href":"https:\/\/dev.gobidgroup.com\/es\/wp-json\/wp\/v2\/pages\/107461\/revisions\/107480"}],"wp:attachment":[{"href":"https:\/\/dev.gobidgroup.com\/es\/wp-json\/wp\/v2\/media?parent=107461"}],"curies":[{"name":"wp","href":"https:\/\/api.w.org\/{rel}","templated":true}]}}

Información de privacidad &#8211; candidatos

<div data-elementor-type="wp-page" data-elementor-id="107461" class="elementor elementor-107461 elementor-100898">
							<div class="elementor-element elementor-element-b3958d4 e-con-boxed e-flex e-con" data-id="b3958d4" data-element_type="container" data-settings="{&quot;background_background&quot;:&quot;classic&quot;,&quot;content_width&quot;:&quot;boxed&quot;}">
					<div class="e-con-inner">
		<div class="elementor-element elementor-element-04cce4b e-con-boxed e-flex e-con" data-id="04cce4b" data-element_type="container" data-settings="{&quot;background_background&quot;:&quot;classic&quot;,&quot;content_width&quot;:&quot;boxed&quot;}">
					<div class="e-con-inner">
		<div class="elementor-element elementor-element-1bc41f5 e-con-full e-flex e-con" data-id="1bc41f5" data-element_type="container" data-settings="{&quot;content_width&quot;:&quot;full&quot;}">
		<div class="elementor-element elementor-element-46c580b e-con-full e-flex elementor-invisible e-con" data-id="46c580b" data-element_type="container" data-settings="{&quot;content_width&quot;:&quot;full&quot;,&quot;animation&quot;:&quot;fadeInUp&quot;}">
				<div class="elementor-element elementor-element-7fb9c64 elementor-widget elementor-widget-heading" data-id="7fb9c64" data-element_type="widget" data-widget_type="heading.default">
				<div class="elementor-widget-container">
			<h2 class="elementor-heading-title elementor-size-default">Información de privacidad<br>de conformidad y para los efectos del art. 13-14, Reg UE 2016/679</h2>		</div>
				</div>
				<div class="elementor-element elementor-element-558b2fe elementor-widget elementor-widget-text-editor" data-id="558b2fe" data-element_type="widget" data-widget_type="text-editor.default">
				<div class="elementor-widget-container">
							<div title="Page 1">
<p class="p1" style="text-align: right;">última actualización: 2 de octubre de 2023</p>
</div>
<div title="Page 1">
<div class="page" title="Page 1">
<div class="layoutArea">
<div class="column">
<p>De conformidad y para los efectos del art. 13 del Reglamento europeo 2016/679 &#8220;Reglamento general de protección de datos&#8221; (en adelante GDPR &#8211; Reglamento general de protección de datos) que contiene disposiciones sobre la protección de datos personales, la empresa abajo firmante GOBID INTERNATIONAL AUCTION GROUP SRL srl con domicilio social en Milán (MI) VIA Onorato Vigliani n. 19 y sede operativa en Matelica (MC) vía A. Merloni n. 17/U, como Responsable del tratamiento, le informa que los datos que le conciernen, facilitados por usted o adquiridos de otro modo, serán tratados de conformidad con la legislación antes mencionada. El tratamiento de los datos será realizado por el Responsable del tratamiento de forma lícita, correcta y transparente, garantizando la protección de sus derechos.</p>
<p>Por lo tanto, de conformidad con los artículos 13 y 14, le proporcionamos la siguiente información:</p>
<div class="page" title="Page 1">
<div class="layoutArea">
<div class="column">
<p><strong>1. Finalidad, base jurídica del tratamiento al que están destinados los datos</strong></p>
<p>Datos personales, tales como información de carácter personal, así como los relativos a la experiencia profesional, cualificaciones y/o condiciones personales y familiares, en forma de currículum vitae (CV), incluida la imagen contenida en el mismo, como datos particulares, remitidos al titular. en formato digital (por correo electrónico, formulario de contacto desde la web o redes sociales) o en formato papel (entrega en mano) se procesan con el fin de realizar todos los trámites útiles y necesarios para la selección de personal que se concretan por ejemplo en: actividades relacionadas o instrumentales con los procesos de selección dentro de la empresa, con el fin de evaluar los perfiles de los candidatos en relación con empleados, pasantes o colaboradores que reciben asignaciones de trabajo profesional específicas; verificación de las condiciones necesarias para contratar o iniciar una colaboración; Utilizo los datos de contacto del candidato para comunicar el resultado de la selección, evaluación y conservación del currículum vitae.</p>
<p><strong>2. Base jurídica del tratamiento:</strong> el tratamiento de datos es necesario para la ejecución de medidas precontractuales (art. 6 letra b del RGPD) vinculadas a los procesos de selección de personal que tuvieron origen a partir de la recepción de su currículum vitae.</p>
<p><strong>3. Métodos de tratamiento</strong></p>
<p>El tratamiento de los datos se realizará tanto de forma manual como mediante medios informáticos o telemáticos por personas específicamente designadas a tal efecto. En relación con las finalidades indicadas, los datos podrán almacenarse tanto en archivos impresos como electrónicos, incluso de forma automatizada, con el fin de permitir la identificación de datos agregados o específicos. En todo caso, el tratamiento de los datos se realizará con lógica estrictamente relacionada con las finalidades indicadas, con métodos que garanticen la seguridad y confidencialidad de los propios datos, mediante la adopción de medidas adecuadas para evitar su alteración, cancelación, destrucción, acceso no autorizado o tratamientos que no estén permitidos o no se ajusten a los fines de la recogida. La empresa no procesa Datos Particulares, ya que la finalidad del procesamiento en sí no prevé su utilidad.</p>
<p><strong>4. Naturaleza de los datos personales</strong></p>
<p>El tratamiento incluye datos personales, sensibles y judiciales relacionados con la realización del servicio solicitado. Durante la prestación del servicio puede ser necesario adquirir y realizar operaciones de procesamiento sobre sus datos personales sensibles y judiciales. La transmisión del CV a través de canales específicos autoriza al Responsable del tratamiento a tratar los datos contenidos en el mismo en la forma estrictamente necesaria para perseguir los fines indicados. La empresa invita a los interesados a incluir en su C.V. o en la correspondiente carta adjunta el siguiente texto: &#8220;De conformidad con la legislación vigente, habiendo visto la información en el sitio web de la empresa, acepto que la Empresa trate mis datos personales, autorizando su archivo electrónico/papel, únicamente con fines de investigación y personal&#8221;. Trozos escogidos&#8221;.</p>
<p>En cualquier caso, se requerirá el consentimiento específico en el envío del CV a través de los canales específicos.</p>
</div>
</div>
</div>
<div class="page" title="Page 2">
<div class="layoutArea">
<div class="column">
<p><strong>5. Destinatarios de los datos:</strong> los datos recabados en relación con la finalidad indicada podrán ser comunicados: como responsables, a miembros de los órganos sociales y al personal administrativo del titular y empleados designados; a los responsables del tratamiento cuya lista esté disponible en el responsable del tratamiento; a despachos profesionales de abogados, contables o asesores laborales. No existe ninguna disposición para la difusión de los datos a terceros.</p>
<p><strong>6. Duración del tratamiento:</strong> los datos recabados en relación con la finalidad antes mencionada se conservarán durante el tiempo necesario para las finalidades indicadas y en cualquier caso se conservarán por un período no superior a 5 años.</p>
<p><strong>7. Falta de comunicación de datos:</strong> el suministro de datos es necesario para la consecución de las finalidades anteriormente indicadas que el interesado está obligado a cumplir. La falta de comunicación por parte del interesado imposibilitará la continuación del proceso de selección.</p>
<p><strong>8. Transferencia de datos al extranjero:</strong> los datos recabados en relación con la finalidad antes mencionada no se transfieren a países fuera de la UE.</p>
<p><strong>9.Procesos automatizados de toma de decisiones:</strong> los datos recabados en relación con la finalidad antes mencionada no están sujetos a procesos automatizados de toma de decisiones (incluida la elaboración de perfiles).</p>
<p><strong>10.Derechos del interesado:</strong> de conformidad con el Reg. UE 2016/679, el interesado tiene derecho frente al titular a: acceder a sus datos personales (art.15), obtener la rectificación en caso de inexactitud (art. 16), solicitar la limitación del tratamiento (art. 18), portabilidad , es decir, el derecho a recibir los datos personales proporcionados por usted en un formato estructurado, de uso común y legible por máquina (art. 20), a no ser sometidos a una toma de decisiones automatizada, incluida la elaboración de perfiles. (art. 22) y presentar una reclamación ante la Autoridad Garante de conformidad con el art. 13 parag. 2 let. d) del citado reglamento.</p>
<p><strong>11. Cómo ejercer los derechos:</strong> el interesado podrá en cualquier momento ejercitar sus derechos de conformidad con lo dispuesto en el art. 12 del Reglamento UE 2016/679, mediante el envío de una solicitud que será enviada al Responsable del tratamiento mediante: &#8211; carta certificada con acuse de recibo: GOBID INTERNATIONAL AUCTION GROUP SRL srl con sede operativa en Matelica (MC) vía A. Merloni n. 17/U &#8211; correo electrónico a la dirección: legale@gobidgroup.com &#8211; pec: gobidinternational@pec.it.</p>
</div>
</div>
</div>
</div>
</div>
</div>
</div>
						</div>
				</div>
				</div>
				</div>
					</div>
				</div>
					</div>
				</div>
							</div>

<p>Información de privacidadde conformidad y para los efectos del art. 13-14, Reg UE 2016/679 última actualización: 2 de octubre de 2023 De conformidad y para los efectos del art. 13 del Reglamento europeo 2016/679 &#8220;Reglamento general de protección de datos&#8221; (en adelante GDPR &#8211; Reglamento general de protección de datos) que contiene disposiciones sobre la&hellip;</p>
